+ 12*m**2 - 337*m - 2. What is z(-8)?
-8
Let s(x) be the first derivative of -2*x**3/3 + 7*x**2/2 - 688. Give s(5).
-15
Suppose 2*s - 223 + 237 = 0. Let o(g) = -8*g + 8. Let z(p) = -7*p + 7. Let u(d) = 6*o(d) - 7*z(d). What is u(s)?
-8
Let c(n) = 10*n**2 + 6*n + 5. Let l = 2280 + -2281. What is c(l)?
9
Let p = 81 + -58. Let c(k) = k - 34 + 0*k + 18 + p. Suppose 0*z - 2*m - 26 = 3*z, -4*m = 16. Determine c(z).
1
Let v(a) = 6*a - 4. Let q = -6 - -10. Let z(r) = -2*r + 1. Let d(o) = q*v(o) + 11*z(o). Let s(u) = -9*u + 40. Let h be s(4). Give d(h).
3
Let c(j) = j**2 - 1. Let p(r) = 4*r**2 - 23*r - 291. Let v(w) = -6*c(w) + p(w). Let t(q) be the first derivative of v(q). Calculate t(-7).
5
Let r(c) = -c**2 - 11*c + 6. Let i(o) = o**2 + 8*o + 2. Let l(x) = -4*i(x) - 5*r(x). Calculate l(-27).
70
Let p(l) = -l + 3. Let o(a) be the second derivative of 0 - 30*a - 6*a**2 + 2/3*a**3. Let z(b) = -6*o(b) - 26*p(b). Determine z(4).
2
Let n(q) = -q**2 + q. Let i(u) = 128 - 1136*u + u**2 + 1167*u + 3. Let m be i(-5). Determine n(m).
0
Let u = 1387 - 1389. Let s(l) = 5 - 5*l + 6 + 4*l - 7. What is s(u)?
6
Let h be ((-5 - -5)*1)/(12 - 10). Let x(k) = -4*k**2 + k - 7. Calculate x(h).
-7
Let t(o) be the second derivative of -o**5/20 + 5*o**4/12 + o**3 - o**2/2 - 4*o - 6. Let m = 10 - 6. Suppose -m*l + 4*c = -2*l - 28, -3*c = 2*l. Calculate t(l).
-1
Let o(l) be the second derivative of -l**3/6 - l**2 - l. Let y(j) = -12*j**2 - 313*j - 31. Let d be y(-26). Give o(d).
3
Let s(o) = -16*o + 27. Let x be (4/3)/((-22)/(-33)). Determine s(x).
-5
Let u(i) = 1 - 99*i + 3*i + 95*i + 4 - i**2. Suppose -4*b = -3*w + 22 - 1, -4*b + 2*w - 18 = 0. What is u(b)?
-1
Let g be 1*1*(5 + -1). Suppose -g*h = 4*h. Suppose h = -4*a - a + 10. Let s(n) = 2*n**2 - n - 1. Calculate s(a).
5
Let i(z) = 4*z - 75. Let n = 33871 + -33851. Calculate i(n).
5
Let m(b) = 0*b + b**3 + 22720 + b - b**2 - b**2 + 4*b**2 - 22755. Determine m(0).
-35
Suppose 3*g + 5*v - 28 = 0, -4*g = -0*g + 5*v - 34. Let q(w) = 2*w - 1. Let i be q(g). Let c = 4 - i. Let l(p) = p**2 + 6*p + 1. Calculate l(c).
8
Let r be 2/(3 - (-2 - (-27)/6)). Let a be ((-22)/(-8))/((-23)/(-184)). Let b(i) = 25 - a - 5*i + 0*i + 3*i. Give b(r).
-5
Let b(r) be the third derivative of -3/8*r**4 + 25*r**2 + 0*r + 0*r**3 + 1/6*r**5 + 0. Let s(v) = -3*v**2 + 3*v. Let a(d) = 2*b(d) + 7*s(d). Give a(4).
-4
Let d(n) = -7101*n**2 + 14211*n**2 + 3*n + 5*n + 10 - 7109*n**2. Determine d(-8).
10
Let x(q) = -11*q - 24. Let m(g) = -9*g - 23. Let a(p) = -5*m(p) + 4*x(p). Determine a(-6).
13
Let n(j) = -j**2 - 2*j. Let s be (-1)/5 - (1 - 64/20). Suppose -2*u - s = -4*u. Let x(o) = 3*o**2 + 15*o. Let a(h) = u*x(h) + 2*n(h). Calculate a(-10).
-10
Let h(s) be the first derivative of s**4/4 + 12*s**3 + 39*s**2/2 + 133*s + 3333. Determine h(-35).
-7
Let o(m) be the second derivative of 0 - 39*m + 1/12*m**4 - 1/6*m**3 + 0*m**2 - 1/20*m**5. Calculate o(2).
-6
Let f be 10/(-8)*(-8112)/1690. Let u(x) = -x - 5. Determine u(f).
-11
Let k(a) = -5*a - 1 + 1 - a - 2. Suppose 5*v - 3*m = -0*m - 139, 3*v - 5*m + 93 = 0. Let j = -23 - v. Calculate k(j).
-20
Let p(l) = -9 - 3 + 11*l + 6*l - 13*l - 24. Determine p(0).
-36
Let l(f) be the third derivative of -f**4/24 + f**3/3 - 87*f**2 + 2*f. Let t(u) = -4*u - 1. Let w(q) = -2*l(q) - 2*t(q). What is w(-1)?
-12
Suppose 2*p + 11 - 21 = 0. Let z be (-4)/(-2)*(23848/16)/11. Let i(y) = 270 - 6*y + 9*y**2 - z - 3*y**2 - y**3. What is i(p)?
-6
Let i(f) = -f**2 - 33*f + 1798. Let c be i(-62). Let r(a) = -a**2 + 2*a + 69. Calculate r(c).
69
Let c(t) = -t - 80 + 254 - 90 - t - 70. Calculate c(27).
-40
Let s(a) be the third derivative of -7*a**4/24 + a**3/3 + 736*a**2 - 2. Calculate s(-2).
16
Let b(u) be the first derivative of -15*u**2 + 102*u - 1293. Give b(4).
-18
Suppose -2*d + 4*k = -328, -5*d - 2*k = -4*k - 828. Let s = d + -161. Let h(t) be the first derivative of t**3/3 - t**2 - 3*t - 2. Calculate h(s).
12
Let i = 743 - 745. Let y(p) = 2*p - 69. Let r(g) = g - 22. Let l(u) = i*y(u) + 7*r(u). Calculate l(15).
29
Suppose -2*y = 4 - 10. Suppose -4*s = y*t + 39 - 5, 16 = -4*s. Let x(a) = 4*a + 31. Let z(g) = -g - 8. Let q(n) = 2*x(n) + 9*z(n). What is q(t)?
-4
Let i(b) = b**3 - 12*b**2 + 11*b + 16. Let d be i(11). Let g = d - -71. Let w = g - 86. Let c(q) = 5*q**3 - q. Give c(w).
4
Let t(x) be the third derivative of 7*x**4/12 + 48*x**3 + 2*x**2 + 382*x - 2. Calculate t(-20).
8
Let m(u) = 12*u - 552. Let r be m(46). Let i(q) be the second derivative of 10*q + r + 0*q**2 - 2/3*q**3. What is i(-1)?
4
Let k(t) = -26*t + 24721*t**2 - 5 - 24720*t**2 + 35 - 4*t. Calculate k(13).
-191
Let i(k) = -k - 32. Let a = -4285 - -4263. Calculate i(a).
-10
Suppose -177*g + 144 = -153*g. Let n(h) be the third derivative of 10*h**2 + 0 + 1/120*h**g + 1/30*h**5 - 1/3*h**3 + 1/12*h**4 + 0*h. What is n(-2)?
-6
Let w(h) = 22*h**2 + 36*h + 58. Let p(s) = -5*s**2 - 10*s - 15. Let x(z) = -9*p(z) - 2*w(z). Determine x(-17).
2
Let b = -101 + 94. Let r be (8/(40/(-5)))/((-1)/b). Let c(y) = y**3 + 8*y**2 + 9*y + 10. What is c(r)?
-4
Let v(d) = -d**2 + 10*d - 1. Suppose -580 = 63*o - 1084. Calculate v(o).
15
Let f(b) = b**2 + 6*b - 1. Let r(j) = j**3 + 8*j**2 + 5*j - 9. Let w be r(-7). Let k be (6 - (3 - 1)) + w. Let y = -14 + k. What is f(y)?
-6
Suppose -2*p + 250 - 242 = 0. Let o(m) be the second derivative of m**3/6 - m**2 - 3*m - 20. Give o(p).
2
Suppose -210*p = 205*p - 401*p + 42. Let v(x) = 5*x**2 + 4*x - 5. Determine v(p).
28
Let f(p) be the second derivative of 7*p**5/120 - p**4/12 - 13*p**3/3 + 3*p**2/2 + 47*p. Let a(w) be the second derivative of f(w). What is a(1)?
5
Let t(r) = 74*r - 15. Let p be t(5). Suppose -n + 4*n = 5*o + 213, -5*n + 3*o + p = 0. Let c(y) = 1 + y**3 + n*y**2 + 65*y**2 + 5*y - 141*y**2. Calculate c(4).
5
Let s be ((-18)/27)/((4/30)/(-1)). Suppose s*r = -5 + 10. Let p(m) = 2*m**2 - r + 0*m**2 - m + m**3 + 0*m**2 + 0*m**3. Give p(-3).
-7
Let t(w) be the second derivative of w**4/12 + w**3 - 4*w**2 + 66*w. Suppose 0 = -3*h + 3, -5*g - 18 = -5*h + 22. Determine t(g).
-1
Let r(k) = -2*k**3 - 64*k**2 - 122*k - 71. Let v = -25687 - -25657. Determine r(v).
-11
Suppose -2*l - 4*v - 32 = 0, 2*v + 30 = -2*l - 10. Let d = -20 - l. Let t(u) = 5*u + u - 2*u + d. Give t(-3).
-8
Let b(o) = -4*o + 9. Let s be b(5). Let l(j) be the second derivative of j**4/12 + 2*j**3 + 6*j**2 + 77*j. Give l(s).
1
Let s(x) = 6*x + 71. Let h(q) = -18*q - 173. Let g(b) = 4*h(b) + 11*s(b). Calculate g(8).
41
Let w(t) be the first derivative of -t**4/4 - t**3 + 3*t**2/2 + 3*t - 987. Determine w(-3).
-6
Let m(v) = 3*v + 5. Let x(l) = -4*l**2 - 21*l - 3. Let z be x(-5). Suppose 2*g = z*d, -5*g = d - 8*g - 6. Determine m(d).
-4
Let s(f) be the first derivative of -8*f**3/3 + 17*f**2 - 4*f + 447. Calculate s(4).
4
Let a(b) = -b - 84. Suppose -5*f = 74*m - 73*m + 179, -5*m - 249 = 6*f. Calculate a(f).
-50
Let j(y) = y**3 - 8*y**2 - 4*y + 36. Let s be j(8). Let w(o) be the first derivative of 3*o**2 - 1/4*o**s + 3*o - 10 + 4/3*o**3. What is w(5)?
8
Suppose -17*a + 196 = -246. Let p(k) = -5*k + 138. Calculate p(a).
8
Suppose u + 54 = -4*j, 4*j = -2*u + 3*u + 54. Let c = u + 62. Let i(n) = -n**2 + 10*n - 7. Give i(c).
9
Let s(w) be the second derivative of -w**4/12 - w**3/6 + 4*w**2 - 14*w. Let t be s(-5). Let g be t/32 - (-5)/(-8). Let r(l) = 8*l. Give r(g).
-8
Let m(n) = 3 + 0*n - 9*n - 9 - 3*n. Let w(p) = -29*p + 376. Let l be w(13). Give m(l).
6
Suppose 4*c - 10 = -f, 0 = -c - 3*c + 5*f + 22. Suppose -i + c*i + 6 = 0. Let t(h) = -h**3 - 3*h**2 + 2*h + 2. Give t(i).
-4
Let y(m) be the second derivative of -m**4/4 + 4*m**3 + 19*m**2/2 + 637*m - 3. Determine y(9).
-8
Let a be (-12 - -10)*(-22)/4. Let y be (-14)/1*a/(-22). Suppose -y*b + 9*b - 12 = 0. Let d(r) = r**2 - 8*r + 8. What is d(b)?
-4
Let f(r) = -r**2 + 32*r - 269. Let z(q) = -q**2 + 33*q - 335. Let b(h) = 6*f(h) - 5*z(h). What is b(27)?
61
Let b(u) = -3*u**3 + 25*u**2 - 25*u + 19. Let d = -677 + 679. Let y(x) = -3*x**3 - 11*x + 3*x + 2*x**3 + 8*x**2 + 6. Let n(f) = d*b(f) - 7*y(f). Calculate n(5).
1
Let r be (1592/40 - 6) + 1/5. Suppose r + 38 = 12*x. Let j(l) = -l**2 + 3*l + 3. Calculate j(x).
-15
Let i(h) = -26*h + 4 - 3 + 5*h + 2*h + 18*h. Let l(m) = 5*m - 2. Let a(v) = -4*v**2. Let k be a(1). Let b(w) = k